{"id":19,"date":"2023-02-24T09:53:24","date_gmt":"2023-02-24T09:53:24","guid":{"rendered":"https:\/\/churrosnumerosos.com\/wordpress\/?page_id=19"},"modified":"2024-03-03T18:16:19","modified_gmt":"2024-03-03T18:16:19","slug":"nuestros-productos","status":"publish","type":"page","link":"https:\/\/churrosnumerosos.com\/wordpress\/nuestros-productos\/","title":{"rendered":"Nuestros productos"},"content":{"rendered":"\n<h2 class=\"wp-block-heading\">Sin Gluten!<\/h2>\n\n\n\n<figure class=\"wp-block-image size-full\"><img loading=\"lazy\" decoding=\"async\" width=\"238\" height=\"80\" src=\"https:\/\/churrosnumerosos.com\/wordpress\/wp-content\/uploads\/2023\/02\/acecova.png\" alt=\"\" class=\"wp-image-20\"\/><figcaption class=\"wp-element-caption\">Churros y bu\u00f1uelos tambi\u00e9n sin gluten. Receta elaborada por la familia en exclusiva para los celiacos y respetando los productos naturales y de la tierra: harina, agua, sal y la calabaza para los bu\u00f1uelos. Fritos tambi\u00e9n en aceite de oliva para garantizar su calidad. El chocolate que servimos es tambi\u00e9n sin gluten, por lo que podr\u00e9is compartir y disfrutar de estas fallas sin que os qued\u00e9is mirando como disfrutan los dem\u00e1s, ahora la envidia la dais vosotros con nuestros productos para celiacos elaborados\u00a0en un remolque exclusivo libre de gluten.<\/figcaption><\/figure>\n\n\n\n<h2 class=\"wp-block-heading\">Churros<\/h2>\n\n\n\n<figure class=\"wp-block-image size-full\"><img loading=\"lazy\" decoding=\"async\" width=\"189\" height=\"167\" src=\"https:\/\/churrosnumerosos.com\/wordpress\/wp-content\/uploads\/2023\/02\/churros.jpg\" alt=\"\" class=\"wp-image-23\"\/><figcaption class=\"wp-element-caption\">Churro tradicional, la receta que ha vivido durante generaciones en la familia y que tiene tanto \u00e9xito. Hecho con harina sin gluten, agua y sal y frito en aceite de oliva para garantizar su calidad.<\/figcaption><\/figure>\n\n\n\n<h2 class=\"wp-block-heading\">Bu\u00f1uelos<\/h2>\n\n\n\n<figure class=\"wp-block-image size-full\"><img loading=\"lazy\" decoding=\"async\" width=\"189\" height=\"157\" src=\"https:\/\/churrosnumerosos.com\/wordpress\/wp-content\/uploads\/2023\/02\/bunuelos.jpg\" alt=\"\" class=\"wp-image-22\"\/><figcaption class=\"wp-element-caption\">Tiernos bu\u00f1uelos de calabaza fritos en aceite de oliva. Hechos con harina, agua, calabaza, sal y un poco de levadura que los hace tan esponjosos.\u00a0<br>Producto de la tierra de Valencia.<\/figcaption><\/figure>\n\n\n\n<h2 class=\"wp-block-heading\">Chocolate<\/h2>\n\n\n\n<figure class=\"wp-block-image size-full\"><img loading=\"lazy\" decoding=\"async\" width=\"189\" height=\"163\" src=\"https:\/\/churrosnumerosos.com\/wordpress\/wp-content\/uploads\/2023\/02\/chocolate.jpg\" alt=\"\" class=\"wp-image-21\"\/><figcaption class=\"wp-element-caption\">Chocolate caliente de\u00a0textura cremosa para acompa\u00f1ar los churros y bu\u00f1uelos a cualquier hora del d\u00eda.<br>\u00bfA qui\u00e9n no le apetece?<br>Y m\u00e1s si es para compartir.<\/figcaption><\/figure>\n","protected":false},"excerpt":{"rendered":"<p>Sin Gluten! Churros Bu\u00f1uelos Chocolate<\/p>\n","protected":false},"author":1,"featured_media":0,"parent":0,"menu_order":7,"comment_status":"closed","ping_status":"closed","template":"","meta":{"footnotes":""},"class_list":["post-19","page","type-page","status-publish","hentry"],"_links":{"self":[{"href":"https:\/\/churrosnumerosos.com\/wordpress\/wp-json\/wp\/v2\/pages\/19","targetHints":{"allow":["GET"]}}],"collection":[{"href":"https:\/\/churrosnumerosos.com\/wordpress\/wp-json\/wp\/v2\/pages"}],"about":[{"href":"https:\/\/churrosnumerosos.com\/wordpress\/wp-json\/wp\/v2\/types\/page"}],"author":[{"embeddable":true,"href":"https:\/\/churrosnumerosos.com\/wordpress\/wp-json\/wp\/v2\/users\/1"}],"replies":[{"embeddable":true,"href":"https:\/\/churrosnumerosos.com\/wordpress\/wp-json\/wp\/v2\/comments?post=19"}],"version-history":[{"count":1,"href":"https:\/\/churrosnumerosos.com\/wordpress\/wp-json\/wp\/v2\/pages\/19\/revisions"}],"predecessor-version":[{"id":24,"href":"https:\/\/churrosnumerosos.com\/wordpress\/wp-json\/wp\/v2\/pages\/19\/revisions\/24"}],"wp:attachment":[{"href":"https:\/\/churrosnumerosos.com\/wordpress\/wp-json\/wp\/v2\/media?parent=19"}],"curies":[{"name":"wp","href":"https:\/\/api.w.org\/{rel}","templated":true}]}}